-k + 21 = -8*k. Let b = k + 8. Suppose b*m - 11*m = -870. What is the units digit of m?
5
Let v(r) = -r + 64. Let u be v(-2). Suppose -8*w = -5*w - 2*p - u, -2*w = -p - 44. What is the tens digit of w?
2
Let p = -69817 + 133725. What is the units digit of p?
8
Let k(d) = -2*d**2 - 337*d - 2062. What is the thousands digit of k(-143)?
5
What is the thousands digit of ((-4146712)/(-532))/((-2)/(-7))?
7
Let v = -457 - 12. Let w = -234 - v. What is the tens digit of w?
3
Let l = 55 + -51. Let u be (l/10)/(2/5)*2. Suppose 79 = u*f - 11. What is the tens digit of f?
4
Suppose v = -66 + 64. What is the units digit of ((-34)/v)/((-1)/4*-1)?
8
Let p(j) = j**3 + 2*j**2 - 25*j + 105. Let u be p(5). What is the tens digit of u/(-62)*-1*180?
5
Suppose -q = 3*w - 20 - 2, 5*q - 20 = -5*w. Suppose 20*f = -w*f + 22649. What is the tens digit of f?
8
Let j(i) = i**3 - 2*i**2 - i + 1. Let q(x) = -31*x**3 - 2*x**2 + 10*x - 54. Let n(a) = 2*j(a) - q(a). What is the units digit of n(3)?
3
Let q = 9 + -8. Let z be (q/5*0)/(2 + 1). Suppose -2*g - 18 + 264 = z. What is the hundreds digit of g?
1
Let l = 33 + -37. What is the units digit of l/1*12694/(-88)?
7
Suppose -495*k - t = -491*k - 121229, -k + 4*t = -30286. What is the tens digit of k?
0
What is the thousands digit of ((-10)/3)/(24/18) - 138905/(-26)?
5
Let z be 28/2*(4 - 2). Suppose u = -z*u + 8381. What is the tens digit of u?
8
Suppose -3*s = -s - 666. Let u = s + -161. Suppose 5*p = -3*q + 390, 0*p + 2*p - u = 2*q. What is the tens digit of p?
8
Let s(w) = w**3 + 11*w**2 + 18*w. Let n be s(-10). Let g = 278 + n. Suppose 0 = 3*t - 117 - g. What is the tens digit of t?
0
Suppose -3*d + k = 18, 2*k + 12 = -4*d - 22. Let m(a) = 19*a**2 - 5*a + 70. What is the tens digit of m(d)?
3
What is the ten thousands digit of (-1348)/(-8)*((-2063)/(-8) + (-93)/(-744))?
4
Let v be (-161)/(-3) - (-7)/84*4. What is the tens digit of ((-546)/5)/(v/(-360))?
2
Suppose 6*v + 46324 = 19*v - 68323. What is the tens digit of v?
1
Let b(p) = -9*p**3 - 145*p**2 - 28*p - 19. What is the tens digit of b(-17)?
6
Suppose -2*r = 4, -3*c + 6678 = -2*r - 13582. What is the units digit of c?
2
What is the hundreds digit of (19408/(-10))/(((-1160)/(-100))/(-29))?
8
Suppose -z = -8*s + 5*s - 3, -3*z + 9 = 0. Suppose s = 21*q - 22*q + 316. What is the units digit of q?
6
Let r(i) = 144*i**2 + 256*i - 34. What is the units digit of r(21)?
6
Let r be -5*(-1 + (378/10)/3). Let n = r - -62. Suppose 8*u = -n*u + 300. What is the tens digit of u?
2
Let f = 8366 + 783. What is the tens digit of f?
4
Suppose -3*m - 152 - 16 = 0. What is the units digit of (-8160)/(-21) + 32/m?
8
Let r(n) be the first derivative of n**5/3 - 17*n**4/24 - 31*n**3/3 + 26. Let p(y) be the third derivative of r(y). What is the units digit of p(6)?
3
Suppose 5*h + 850 = 5*n, 4*n - 874 + 182 = -2*h. Suppose -167*c = -n*c + 1705. What is the units digit of c?
1
Let v(q) = 6*q + 63. Let r be v(-11). What is the hundreds digit of r/((-21)/2060) - 32/112?
2
Let g be (-2)/(-5) + (-890)/(-25). Let d = 34 - g. What is the tens digit of -462*18/(-60) - d/5?
3
Let p(s) = 152*s**3 - 59*s**2 + 226*s - 4. What is the units digit of p(4)?
4
Let r = -23421 - -35377. What is the hundreds digit of r?
9
Let p(a) = 513*a + 4962. What is the thousands digit of p(58)?
4
Let t be (45/30)/((-2)/(-16)). Suppose -t*z + 803 = -4033. Let m = -284 + z. What is the tens digit of m?
1
Let u = -133 + 176. Let z = u + -11. What is the tens digit of z?
3
Suppose -b + 2 = 2*n, 3*n + 7*b - 2*b = 3. What is the hundreds digit of (53 - n)*(-9 + (6 - -5))?
1
Let j(f) = f**3 + 8*f**2 - 12. Let m be j(-8). Let p(h) = 0*h + 8*h - 19*h - 6 + 7*h. What is the tens digit of p(m)?
4
Let b = -914 + 1071. Suppose 2*f = 4, -b = a - 2*a + 4*f. What is the hundreds digit of a?
1
Let z(h) = -2*h**2 + 7*h - 11. Let a be z(6). Let c = 43 + a. Suppose c*i - 63 = i. What is the units digit of i?
3
Let o = -1 + -5. Suppose 4*y - 14*m = -13*m + 12, -4*y - 3*m - 20 = 0. What is the tens digit of ((-556)/o)/y*(-21)/(-14)?
3
Let h = 106 + -101. Let f(b) = b**2 + b - 15. Let i be f(h). What is the tens digit of 1880/i*(-3)/(-2)?
8
Let q be (-6 - -38)/(1 - (-2 + 2)). Let w = q + -38. What is the hundreds digit of ((-796)/w)/(((-24)/9)/(-4))?
1
Let m = -95419 - -153891. What is the thousands digit of m?
8
Suppose 0 = 8*p - 0*p - 56. Suppose q + 10 = -4*i, q + 4*q = -i + p. Suppose -4*g = -q*x - 486, -g + x = -3*g + 233. What is the units digit of g?
9
Suppose s + s = -0*s + 25374. What is the units digit of s?
7
Let u(p) = -2*p**2 + 10*p + 5. Let y = -6 - -11. Let m be u(y). Suppose 0 = r + 3*k - 234, -m*r + 16*k = 11*k - 1170. What is the hundreds digit of r?
2
Let j = -34 + 31. Let o be j/(-12) - 76/(-16). Suppose o*v = 329 + 21. What is the tens digit of v?
7
Suppose 4*a = 5*a + 2*o - 13055, 65301 = 5*a - 3*o. What is the hundreds digit of a?
0
Let f = -73 + 77. Let c(h) = -59*h - 6. Let z be c(f). What is the hundreds digit of (-3 - -1)*z/4?
1
Suppose -4064*d - 75474 = -4073*d. What is the hundreds digit of d?
3
Suppose -2*o = 6*o - 80. What is the tens digit of o/15*((-2643)/(-6) - -2)?
9
Let q be (1/5)/1 - 154/70. Let p be 0/4 - (2 + q + -3). What is the units digit of 13*3/p + 1?
4
Suppose 3*g = -p - 16 + 1, -25 = -p + 5*g. Suppose -8*h = -p*h + 144. Let s(z) = z**3 + 17*z**2 - 24*z - 42. What is the tens digit of s(h)?
6
Suppose x - 1610 = -4*p - p, -2*p + 644 = 4*x. Suppose 0 = -157*i + 159*i - p. What is the hundreds digit of i?
1
Let h(x) = 756*x - 154. Let r be h(-4). Let a = -1709 - r. What is the units digit of a?
9
Suppose 45*w - 42*w = -3*c + 37320, 4*c - 12458 = -w. What is the units digit of w?
4
Let t(f) = 16*f**3 - 4*f**2 - f + 22. Suppose 0 = 20*a - 81 + 1. What is the hundreds digit of t(a)?
9
Let t(v) = -117*v + 1. Let u be t(1). Let b = u - -214. Suppose -2*c + 3*a + 290 = 0, -c + b = -5*a - 33. What is the hundreds digit of c?
1
Let y(s) = -49*s + 3228. What is the units digit of y(-69)?
9
Let a be 1/((-4)/16)*(2 - -317). Let r = 1858 + a. What is the tens digit of r?
8
Suppose -l - 3*x + 328 = 0, -29*x + 26*x = -6. Let m = 141 + l. What is the units digit of m?
3
Let f(a) be the first derivative of 19 - 12*a**2 - 12*a - 12 - 11 - 3*a**2. What is the tens digit of f(-3)?
7
Suppose 0 = -10*i + 7*i - g + 1223, -3*i + 2*g = -1235. Let k = i - 288. What is the hundreds digit of k?
1
Suppose -154*l + 161*l - 33551 = 0. Suppose -13*x = -l - 3943. What is the tens digit of x?
7
Let y = -375 + 8764. What is the units digit of y?
9
Let n = -2625 - -5808. Suppose 5*g = -4*u + 2*g + n, -4*g + 1594 = 2*u. Suppose u + 451 = 14*v. What is the units digit of v?
9
Let w(j) = -j + 3. Let r be w(5). Let y(h) be the second derivative of -17*h**5/20 + h**4/4 + 2*h**3/3 + h**2 - 163*h. What is the units digit of y(r)?
2
Let w = -125 + 130. Suppose w*k + 288 - 1713 = 0. What is the hundreds digit of k?
2
Let x = 8388 + -4639. What is the tens digit of x/46 - (-1)/2?
8
Let x(r) = -74*r**3 - 62*r**2 - 43*r + 61. What is the tens digit of x(-10)?
9
Suppose -5*s + 5 = 4*b + 19, 3*s + 18 = -4*b. What is the tens digit of b*((-24)/(-8) - 6)?
1
Suppose -4*v + 9 = 5*g - 7, 0 = g - 2*v - 6. Suppose -4 = g*s, -5*b - 4*s = -359 + 8. What is the tens digit of -4 - b/(2 + -3)?
6
Suppose -55*a - 4*a = -1523498. What is the units digit of a?
2
Let f(g) = 2*g**2 - 42*g + 459. Let o(r) = r**3 - 5*r - 14. Let b be o(4). What is the hundreds digit of f(b)?
9
Let r(k) = -4*k**3 + 14*k**2 - 17*k - 11. What is the tens digit of r(-8)?
6
Let k(r) = -27 - 142*r + 74*r + 70*r. Let b be k(5). Let y = b + 86. What is the tens digit of y?
6
Let h = 35 + -31. Let l be (h - 1)*((-10)/3 - 0). What is the units digit of 72 + 5/(l/6)?
9
Let k be 216/16*-28*(-11)/6. Let f = k - 248. What is the units digit of f?
5
Suppose 6*o = 10*o. Let s(f) = -2*f**2 + f + 6. Let j be s(o). What is the tens digit of (-3)/18 - (-145)/j?
2
Let b(p) = -p**2 - 8*p + 6. Let q be b(-9). Let z be 1*2/q*15. What is the units digit of (-2 + 4/10)/(2/z)?
8
Let q(v) = 3*v**3 + 379*v**2 - 27*v + 354. What is the ten thousands digit of q(-126)?
1
Let p = -62125 - -87329. What is the hundreds digit of p?
2
Let f be (-75 - 2)/(2 + 522/(-258)). Suppose 5*c = 3*a - f, 5*a + 109 = 3*c + 5654. Wh